+ 5, 4*b = 4*l - 24. What is the highest common divisor of l and x?
11
Suppose -p = -v + 85, 2*v - p = -2*v + 355. Suppose -11*w = -8*w - v. What is the highest common divisor of 10 and w?
10
Let i = -60 + 57. Let g be (-15)/(27/(-6) - i). Let a = 411 - 281. Calculate the highest common factor of g and a.
10
Let s = 39474 + -39354. Calculate the greatest common factor of s and 34680.
120
Let d = -347 - -2641. Calculate the greatest common divisor of 148 and d.
74
Let k = -209 - -265. Suppose 5*c = 4*c - 2*a + k, -a + 121 = 2*c. Calculate the greatest common factor of 2 and c.
2
Let x(w) = -11*w - 158. Let p(t) = -19*t + 135. Let y be p(8). Let q be x(y). What is the highest common factor of 319 and q?
29
Let r be (-2 - -1)/(16284/(-5427) - -3). What is the highest common divisor of 1407 and r?
201
Suppose 4*k + 3*n + 33 = -2*n, -51 = 3*k - 5*n. Let u be ((-51)/2)/((-3)/(-6)). Let j = k - u. What is the greatest common factor of j and 26?
13
Let z(j) = -13*j - 230. Let t be z(-49). Calculate the greatest common divisor of 33 and t.
11
Let t(d) = 15*d - 5. Let x be (9/(5 - 23))/(1/(-2)). Let h be t(x). Calculate the highest common factor of h and 90.
10
Let c = 18215 + -18212. Let h = -35 + 65. Let m be (40/h)/(4/9). What is the greatest common factor of c and m?
3
Let t(a) = -53*a**3 - 2*a**2 - a. Let v be t(-1). Let w = -30 + v. Let j = 8289 + -8135. What is the greatest common factor of w and j?
22
Suppose 9*l + 25 = -16*l. Suppose -2*x - 3*b = 8, -2*x + 1 = -2*b - 1. Let m be (l*(-3)/6)/(x/(-108)). What is the highest common factor of 18 and m?
18
Let s(j) = -3*j**2 - 189*j + 122. Let m be s(-50). Calculate the greatest common factor of 126 and m.
14
Let s(f) = -13*f**2 - 53*f + 2. Let k be s(-4). Suppose 33*a = k*a + 432. Calculate the greatest common factor of 4 and a.
4
Let d = 88 + -64. Suppose 0 = -9*p + d + 48. Suppose k - 28 = -4*q, -4*q = -2*k - 3*k - 52. Calculate the greatest common divisor of q and p.
8
Let g be (-1)/((-105)/(-53) - 2). Suppose -i - 3*b + 31 = 0, -2*b + 58 = 2*i + 3*b. Let h = g + i. Calculate the highest common factor of h and 8.
8
Suppose -505 = -8*l + 71. Suppose 4*v + 54 = 5*v. What is the greatest common factor of l and v?
18
Let w = 5754 + -4797. Calculate the highest common divisor of w and 66.
33
Suppose -5*f - l = -949, 0 = -30*f + 28*f - 3*l + 390. What is the highest common factor of f and 1197?
63
Let v(k) = -4*k**2 - 10*k - 9. Let l(q) = -5*q**2 - 10*q - 9. Let n(r) = -4*l(r) + 3*v(r). Let f be n(-1). Calculate the greatest common divisor of 49 and f.
7
Suppose 3*z + 2*c = 19, -3*z - 11 = -0*c - 4*c. Suppose 3*v - z*h - 64 - 8 = 0, 4*h - 129 = -5*v. Calculate the highest common divisor of v and 275.
25
Let d be 3/(12/5) - 366288/(-2496). Calculate the greatest common divisor of 7955 and d.
37
Let z = -2199 - -3615. Calculate the highest common divisor of 552 and z.
24
Suppose -12 = -4*o + 4*q, -4*o - q = 2*q + 16. Let z be 1/(-3) + 354/(-9)*o. Calculate the highest common factor of z and 78.
39
Let o be (-1 - -1)/(3 + -2). Suppose -n - 1 + 10 = o. Let a = 4436 - 4427. Calculate the highest common factor of n and a.
9
Suppose 6*s = -588 + 1512. Suppose 6*i = -5*i + s. Let m(d) = d**2 - 7*d - 8. Let k be m(-8). Calculate the highest common divisor of i and k.
14
Let a(d) = -5*d**3 - 48*d**2 + 11*d - 21. Let j be a(-10). Suppose 0 + 72 = 6*z. Calculate the highest common divisor of j and z.
3
Let l be (1*0/(-3))/(8/4). Suppose l = 2*r - 13 + 1. Suppose 0 = 3*n - r - 30. What is the highest common divisor of n and 4?
4
Let y be (72/30)/2*(0 - (-166440)/36). Calculate the greatest common divisor of y and 228.
76
Let x = 18489 - 7543. Calculate the highest common factor of x and 26.
26
Let o(d) = -16*d - 22. Let m be o(-7). Let g = m - 133. Let w = g - -131. Calculate the highest common factor of w and 11.
11
Suppose -184*k + 92 + 150 = -310. Let z(q) = -q**2 - 2*q. Let i be z(-2). Suppose i = k*l - 6*l + 270. What is the greatest common factor of l and 36?
18
Let f(m) = 183*m + 9. Let x be f(4). Let i = x + -214. What is the highest common divisor of i and 17?
17
Let r be 8/(-100) - 158957/(-1025). What is the highest common divisor of r and 434?
31
Let w(y) = -y**3 + 10*y**2 + 10*y + 218. Let p be w(-8). Calculate the highest common factor of 4386 and p.
258
Let w = 190 + -182. Suppose -24 = 4*r - w*r. Calculate the highest common divisor of 24 and r.
6
Let q = -165 + 408. Suppose -15*h + 16*h = q. What is the greatest common factor of 27 and h?
27
Let h(t) = 19*t - 41. Let s be h(3). Let d(q) = q**2 + q + 80. Let r be 0/(4/2 + 0). Let f be d(r). What is the highest common factor of f and s?
16
Suppose 4*g - 552 = 4*o, o = -g - 3*o + 133. Suppose -4*w = 3*j - g, -2*w + j - 41 = -122. Calculate the highest common divisor of 133 and w.
19
Let b be (-70)/7 + 2597 + 38. Calculate the greatest common factor of 1350 and b.
75
Let w(c) = -2*c**3 - 8*c**2 + 15*c + 18. Let k be w(-6). Let m be 10/8 + (-18)/k. Calculate the highest common factor of m and 2.
1
Let a = 589 - 570. Suppose -l - a = -53. What is the highest common divisor of l and 6?
2
Suppose -3*r - 2*r = -3510. Let g be (131 - 138 - (-3 + 63/(-6)))*4. Calculate the highest common divisor of r and g.
26
Suppose 1629 = 13*k + 12 + 18. What is the greatest common divisor of k and 82?
41
Suppose -20 = -8*y + 36. Suppose -18*c + y*c + 154 = 0. What is the highest common divisor of 49 and c?
7
Let y = 1348 - 1340. Suppose -2*f - 672 = -3*f. Let p be (3/(-6))/((-3)/f). What is the highest common divisor of p and y?
8
Suppose -47*j - 15*j = -443548. Calculate the greatest common divisor of 146 and j.
146
Suppose 78 = s - 111. Let j(i) = 6*i**2 + 7*i + 7. Let n be j(-1). Suppose 5*a + 52 = 2*g, g + a - 13 = n. What is the greatest common factor of g and s?
21
Let n = -4298 - -4640. Calculate the greatest common divisor of 828 and n.
18
Let n(d) = d**2 - 82*d + 1671. Let g be n(30). What is the greatest common divisor of g and 3589?
37
Let i = 630 + -438. Let j be -4*(-3 - -1)*3. What is the highest common divisor of i and j?
24
Suppose 134*n - 357*n = -260018. Calculate the highest common divisor of n and 209.
11
Let c(v) = -5*v**2 - 187*v + 14640. Let n be c(0). Calculate the highest common factor of 183 and n.
183
Suppose -4*n + 579 = 5*q, 48*n - 3 = 45*n. What is the greatest common factor of q and 5359?
23
Let m(f) = -24 + 44 - 102 + 21*f - 99. Let z be m(9). Let p be 6 - (-1)/((-1)/2). Calculate the highest common divisor of p and z.
4
Let m = 413 - 408. Suppose -m*a + 35 = -85. Calculate the highest common factor of 12 and a.
12
Let x(b) = 2*b**2 - 48*b - 553. Let p be x(-9). Calculate the highest common divisor of 5166 and p.
41
Let u = -27 + 27. Suppose 0*z + 6*z - 10*z = u. Suppose z*b + b + 13 = 2*a, -3*b + 6 = -a. What is the greatest common divisor of 144 and a?
9
Let t be (15 - 90/12)/(5/156). What is the greatest common divisor of t and 3?
3
Let w be (-66)/44*2/(-1) + 207. Let d(b) = b**3 + 4*b**2 + 2*b - 1. Let v be d(-4). Let g be (14/(-6))/(1/v). What is the greatest common divisor of g and w?
21
Suppose -4*q - 53 + 73 = 0, -2*q - 22430 = -5*y. What is the highest common factor of y and 6?
6
Let t(y) = y**2 + 2*y - 13. Let z be t(5). Suppose -4*k + 279 = -5*s, 5*k - 4*s - 384 = -42. Calculate the greatest common factor of z and k.
22
Let y be (-21)/(-3) - (10 + -7). Suppose y*q + 598 = 2*c, 4*c + q = c + 862. What is the greatest common divisor of c and 17?
17
Let q = 539 + -539. Suppose -34*m + 29*m + 130 = q. Calculate the highest common factor of 65 and m.
13
Suppose -2*j - 92 = -4*n - 252, -j + 88 = -4*n. Let i = 49 + j. Calculate the greatest common divisor of 11 and i.
11
Let s = 238 + -234. Suppose 5*b - 2*v - 50 = 312, -s*b + 286 = 2*v. Calculate the greatest common factor of 54 and b.
18
Let q(h) = 45*h - 70. Let z be q(2). Let k be ((-1)/6)/(z/(-4440)). Calculate the greatest common factor of 1 and k.
1
Suppose -5*i - o = -130, -2*i + 4*o = -67 - 7. Suppose 0 = 4*k + 38 + 42. Let j be (i/(-3))/(12/k). What is the highest common factor of j and 5?
5
Let i(d) = 2*d**2 - 17*d - 72. Let o be i(15). Suppose x = 3*x + 3*q - o, 2*q + 178 = 3*x. What is the greatest common divisor of 12 and x?
12
Let n = -10 - -76. Let q = 350 + -1670. 